ose 5*x = x + n. What is the units digit of x/3 + 2 - 1?
9
Suppose -266 = -17*b + 7248. What is the hundreds digit of b?
4
Suppose -1901 = -33*z + 16447. What is the tens digit of z?
5
Let g(j) = -j + 10. Let c(h) = h. Let b be c(3). Suppose b*v + 4 + 32 = 0. What is the tens digit of g(v)?
2
Suppose -2*k = -4*t - 384, -5*k + 4*k - 2 = 0. Let g = t + 151. What is the units digit of g?
4
What is the units digit of 33478/95 + (-2)/((-30)/9)?
3
Suppose 23*l = 21*l + 3*j + 3002, l + 3*j - 1519 = 0. What is the thousands digit of l?
1
Suppose -24 = -4*x + 12. Suppose f - x*f = -1088. What is the tens digit of f?
3
Suppose 4*u + 37 = 3*x, -3*u - 2*u = x + 13. Suppose -14 = -x*l + 7. What is the tens digit of -1*(-67 - (6 - l))?
7
Let f = -50 - -15. What is the tens digit of ((-100)/f)/((-8)/(-28))?
1
Suppose 13514 + 4006 = 5*u - 5*y, -4*y = -u + 3501. What is the thousands digit of u?
3
Suppose -4 + 118 = v. Suppose -14 = 4*m - v. Suppose 15 + m = 2*p. What is the units digit of p?
0
Suppose 3 = 4*w - 1, 3*w = 3*d - 24. Let q be (-1)/(1/(-2)) - d. Let v(t) = -t**2 - 14*t. What is the tens digit of v(q)?
4
Let f = -218 - -222. Let y(x) = x**2 - x - 4. Let b(u) = -4. Let o(j) = -3*b(j) + 4*y(j). What is the tens digit of o(f)?
4
Let r(f) = -992*f - 521. What is the tens digit of r(-5)?
3
Suppose 0 = 2*u + 3*b - 1483, 4*b = 3*u + 3*b - 2197. What is the tens digit of u?
3
Let d = 2 - 2. Suppose s + s - 44 = d. Let v = s + -1. What is the units digit of v?
1
Suppose 0 = -2*j - 0*j - 4*p - 90, 5*j = -p - 180. Let m(c) = 3*c**3 + 5*c**2 + 12*c - 3. Let n be m(-3). What is the tens digit of ((-63)/j)/((-3)/n)?
4
Let m(a) = 25*a**2 - 7*a + 4. Let z(y) = -26*y**2 + 8*y - 5. Let i(q) = 3*m(q) + 2*z(q). What is the units digit of i(1)?
0
Let z be (-8)/(((-12)/10)/(-3)). Let s = z + 22. What is the tens digit of s + 18/(-3) + 48?
4
Let h = -4 + 12. Let z = h - 6. What is the units digit of (-2 + 0)*z*-4?
6
Let c be -2 + 0 + (-5)/(-1). Suppose c*y = t + 10, -5*t = 3*y - 12 - 10. Suppose 2*m - 16 = -t*m. What is the units digit of m?
4
Let h = -10 + 17. Let s be h + (-4 - 4 - -4). Suppose 0 = 2*n + s*y - 128, 5*n - 112 = -5*y + 198. What is the units digit of n?
8
Suppose 5*i - 8716 = -1996. What is the tens digit of i?
4
Suppose -l = 5*t - 18, 5*t + 27 - 71 = -3*l. Let i = l - 6. Suppose -25 = -5*p, -i*p - 139 = -4*h - 2*p. What is the units digit of h?
1
Let d(u) = -4*u**3 + u**2 + u. Let w be (0/3)/1 - 1. Let f be d(w). Suppose 121 = f*h - 95. What is the tens digit of h?
5
Let l = -626 + 1351. What is the tens digit of l?
2
Let d = 1484 + -981. What is the units digit of d?
3
Let c = -15 + -2. Let w = c + 62. What is the tens digit of w?
4
Let b(c) = c**2 + 3*c - 60. What is the units digit of b(9)?
8
Let h = 358 - 131. What is the units digit of h?
7
Suppose 0*k + 3*k - 72 = 0. Suppose 2*z - y - 7 = 0, -5*z + 4*y = -k + 5. Suppose 3*c + 2*n = -n + 99, 2*n = -z*c + 94. What is the units digit of c?
8
Let k(d) be the third derivative of d**6/120 - d**5/5 - 3*d**4/8 - 5*d**3/3 - 9*d**2. What is the tens digit of k(13)?
4
Suppose 3*s - 5*i = -177, 253 = -4*s + i - 0*i. Let l = s - -115. What is the tens digit of l?
5
Let r = -1340 - -1807. What is the units digit of r?
7
Let l be ((-4)/(-4))/(2/124). Let b = l - 29. Let s = b - 19. What is the tens digit of s?
1
Let c = 134 - 86. What is the tens digit of c?
4
Let f(m) = m**3 - 8*m**2 - 6*m - 19. Let t be f(9). Suppose 10 = -t*c + 3*c. What is the units digit of (c - -38) + -1 + -1?
4
Let s(v) = -6 + 13*v + 0 + v**2 - 30*v. What is the units digit of s(18)?
2
Let k(a) = -3*a - 40. Let f be k(-13). What is the tens digit of (6 + (f - 0))/(5/125)?
2
Let u(v) = -v**2 + 13*v. Let m be u(13). Suppose -36 = -m*o - o. Suppose -b + 5*i = -9, -2*b - 5*i = -6*b + o. What is the units digit of b?
9
Let b be (4/(-12)*3)/1. What is the units digit of 7/3*(4 + b)?
7
Let y(u) be the third derivative of u**6/15 - u**5/20 + u**4/8 - u**3/2 - 11*u**2. What is the units digit of y(2)?
5
Suppose -123 = 2*s - 49. Let i = s + 72. What is the tens digit of i?
3
What is the hundreds digit of (455/2)/(-7)*(-336)/40?
2
Suppose -m = 5*o - 173, 5*m - 520 - 460 = -2*o. Suppose 4*t + 2*z = m, -2*t + 4*t - 109 = z. What is the tens digit of t?
5
Suppose 33*m = 31*m + 212. What is the hundreds digit of m?
1
Suppose -16 = 4*s, 4*s + 17 = -o + 2*s. Let z(p) = -2*p**2 + 9. Let n be z(-2). What is the units digit of n - -61 - (-11 - o)?
4
Suppose 0*q - 3*q - 5*z = -15, z - 10 = -2*q. Suppose -100 = q*x - 300. What is the units digit of 914/16 - 5/x?
7
Let x = 301 + -147. What is the hundreds digit of x?
1
Let x(r) = r**3 + 6*r**2 - 3*r - 6. Suppose -7*l - 24 = -l. What is the units digit of x(l)?
8
Suppose -5*y + 14 = -x, y = 2*x - 2*y. Let z(f) = -7 + 20 + 102*f - 101*f. What is the units digit of z(x)?
9
Let h = 1870 - 535. What is the hundreds digit of h?
3
Let u(y) = -4*y + 14. Let n be u(-7). Suppose -p = -4*a - n, 5*a - 36 = -p + 3*a. What is the tens digit of p?
3
Let x(f) = -f**3 - 16*f**2 - 17*f - 17. Let m be x(-15). Let y(n) = 7*n + 1. What is the tens digit of y(m)?
9
Suppose -3*h + 917 = 5*f - 1998, 4 = 4*f. Let t = h + -643. What is the hundreds digit of t?
3
Suppose -552 = 19*s - 25*s. Let u = -54 + s. What is the units digit of u?
8
Suppose 0 = w + 4*w. Let c be (9/(-33))/((-9)/99). Suppose -d = -c*f - 5, -d + w*d + 1 = f. What is the units digit of d?
2
Suppose 180*m + h - 4774 = 177*m, 3*m + 4*h = 4768. What is the units digit of m?
2
Let i(y) = y**3 + 6*y**2 - 2*y - 7. Let b be i(-6). Suppose b*v + 71 = 6*v. What is the tens digit of v?
7
Let q(a) = a**3 - 8*a**2 + 7*a + 21. Let v be q(7). Let g = 59 - v. What is the tens digit of g?
3
Let g be -3*12/(-9) - -15. Let z = g - -34. What is the tens digit of z?
5
Let n(y) = -y**2 + 8*y + 19. Let p be n(10). What is the tens digit of (203 - p) + 2 + (9 - 7)?
0
Suppose 4*j + 24 + 4 = 0. Let h = j + 17. Suppose -h*z = -4*z - 42. What is the units digit of z?
7
Suppose -5*d + 2*n + 27 = -107, -68 = -3*d - 5*n. Let l = -1521 - -1508. Let u = d + l. What is the units digit of u?
3
Suppose i - 10 = -1. Suppose -6*a = -i*a. Suppose 2*m + 3*m - 110 = a. What is the units digit of m?
2
Suppose -80 = -9*m + 4*m. Let h be 12/8 + 1/2. Suppose -h*l = -l - m. What is the units digit of l?
6
Let c = -25 - -23. What is the units digit of 39 - 2/(c/3)?
2
Let q(j) be the second derivative of j**4/12 + 4*j**3/3 + 11*j**2/2 + 23*j. What is the tens digit of q(5)?
7
Let z(w) = 1 + 11*w + 1 - 4 + 1. Let k be z(6). Suppose 5*q - k = 5. What is the units digit of q?
4
Suppose 140 = 5*v - 5*u, -2*u - 7 = -1. Suppose 29*q - v*q = 192. What is the units digit of q?
8
Suppose 6*s - 9426 = -0*s. Suppose -6*m - 179 = -s. What is the tens digit of m?
3
Let k(s) = -8*s - 1. Let c be k(-1). Suppose -1 = -u + c. What is the units digit of u?
8
Suppose -67 = -3*w - 22. Let c be ((-6)/5)/((-3)/w). Suppose 3*g - c = -s, -4*s - 5*g + 20 = -25. What is the units digit of s?
5
Suppose 5*u + 7 = 27. Suppose u*n - 318 = 194. What is the units digit of n?
8
Let l(b) = -85*b + 17. Let a be l(-6). Let r = a - 293. What is the tens digit of r?
3
Let m = 37 - 33. Suppose -4*g = -3*u - 20, 3*g = -3*u + m*u + 10. What is the tens digit of 72 + 2 + u + 4?
7
Suppose 3*q + 0*q - 7 = -2*p, 2*p = -4*q + 12. Suppose 0 = -4*b - q*f + 37, -4*b - f = -2*f - 7. Suppose b*y - 14 = 37. What is the tens digit of y?
1
Suppose 6*z - 5*d = 3*z + 5294, 2*z = 5*d + 3536. What is the tens digit of z?
5
Let h(w) = -2*w**3 + 9*w**2 - 12. Let d be h(4). Suppose -d*a - 965 = -9*a. What is the hundreds digit of a?
1
Let r(d) = d**2 + 7*d + 14. Let p be r(-4). Suppose 528 + 745 = 5*m + 2*v, -p*m + 510 = v. What is the units digit of m?
3
Suppose 4*g = -4 - 0, 3 = 4*z - 3*g. Suppose 171 = o + 2*o + 2*s, z = 3*o + 5*s - 180. What is the units digit of o?
5
Let i be ((-4)/(-6))/(4/(-30)). Let v be (6/i)/((-6)/(-20)). Let a = v - -6. What is the units digit of a?
2
Suppose -1 = -5*x + 24. Suppose -w - 3 = -n, -x*w + 6 + 0 = 2*n. Suppose 0 = 5*i - i - 2*t - 80, 3*i + n*t - 51 = 0. What is the units digit of i?
9
Suppose -108 - 192 = 2*j - 3*v, 0 = -4*j - 2*v - 584. Let r = j - -394. What is the units digit of r?
7
What is the thousands digit of ((-35)/3 - 